Let o = -343 + 343. Is l(o) prime?
False
Suppose 12*y + 85637 = o, 0 = -2*o - 4*y + 33516 + 137814. Is o composite?
False
Suppose -11 = 8*j - 51. Suppose j*d + 3938 = 2*q + 2*d, -4*q = -3*d - 7864. Is q composite?
True
Suppose 3*y - 7*y = -5*s - 117, -2*s - 51 = -3*y. Let z(w) be the first derivative of -11*w**2/2 - 8*w - 2. Is z(s) composite?
False
Let o(k) = 167*k + 2. Let y(m) = 167*m + 2. Suppose -18*z + 19*z + 3 = 0. Let j(t) = z*o(t) + 4*y(t). Is j(3) a composite number?
False
Let d(u) = 31*u**3 + u**2 - u + 1. Let l be d(1). Let a be (-219)/(((-36)/l)/((-6)/(-4))). Suppose -4*t + 424 = -a. Is t prime?
True
Let y be ((-18)/8 - -2)/(2/(-6952)). Let a = y + -830. Is a prime?
False
Suppose -3*l + 5 + 1 = 0. Suppose -429 = 7*o - 443. Is (325/l + 3)*o a prime number?
True
Let z(p) = 52503*p + 244. Is z(3) a composite number?
True
Suppose 11*b - 6*b + 730 = 0. Let q = b - -3309. Is q prime?
True
Let j = 3074 + -2625. Is j a prime number?
True
Let t be (20/(-25))/(4/(-30)). Is (-5 + t)/(5*(-4)/(-120860)) a composite number?
False
Is 2 + 126179991/77 + -8 - 4/22 a prime number?
False
Suppose 43 - 10 = -c. Is 4036/6 - 11/c prime?
True
Let y = 117577 + -61824. Is y composite?
True
Let f(h) = h**3 + 3*h**2 - 6*h - 6. Let p be f(-4). Suppose -i - p = o - 9, 2*o = 4*i - 4. Suppose 3*w = -j + 584, 0 = -j - o*j + 4*w + 2939. Is j composite?
False
Let z(p) = 1 + 20*p + 4*p**2 - 2 - 3*p**2. Let i be z(-21). Let j = i - -38. Is j composite?
True
Suppose 0*h - 57 = 3*h - 3*x, 26 = -2*h - 2*x. Let c be -1*1*(h + 9 - -3). Let r = c - -85. Is r composite?
False
Let n be 20/6*(-5)/(100/(-108)). Suppose 3*u + 3*u = n. Let i(c) = 87*c**3 - 4*c**2 + 2*c - 2. Is i(u) a composite number?
True
Let s be 1/1 - (-1 + -12). Let a(q) = 2*q**2 + 353*q - 163*q - 6 - 178*q + 3 + 6*q**2. Is a(s) a composite number?
False
Let g(n) = n**2 - 5*n + 6. Let k be g(4). Let h be ((-220)/40)/(k/(-4)). Suppose -h*t = 350 - 3991. Is t prime?
True
Is (-81274)/4*(2 - 36/9) prime?
True
Let r = 3 - 3. Suppose 16225 = 3*o - 0*o + 4*b, 5*o + 3*b - 27049 = r. Is o prime?
False
Suppose -4*b + 2253*t + 8632268 = 2256*t, -5*t - 2158021 = -b. Is b prime?
True
Let u(g) = -59*g + 21. Let r = -163 - -273. Let y = r - 120. Is u(y) prime?
False
Suppose 3*a + 813 = 4*w + 4*a, -a - 1005 = -5*w. Let q = w - 149. Is q prime?
True
Is -1 - -2*93934 - (21 + -15) prime?
True
Let x(f) be the first derivative of 47*f**7/840 + f**6/40 + f**5/40 - f**4/24 + 16*f**3/3 + 7. Let o(w) be the third derivative of x(w). Is o(4) composite?
False
Suppose -24*o = -4*c - 29*o + 1645046, -o = -c + 411257. Is c composite?
False
Suppose 48 - 12 = 2*y + h, -3*y + h = -44. Suppose -1176 = -y*d + 18*d. Let n = 53 - d. Is n a prime number?
True
Suppose 2*k + 3*l = -2*k - 10, 4*k + 14 = -5*l. Let s be k - 3884/(-8)*2 - -3. Let n = -670 + s. Is n a prime number?
False
Let i(k) = -67*k**3 - 5*k**2 + 8*k + 17. Let g be i(-6). Suppose 222 + g = d. Is d a composite number?
True
Let b = 106 + -49. Suppose 26310 = -51*p + b*p. Is p composite?
True
Let s be (344352/240)/(1/5). Suppose 3*w + 3*k - 10764 = 6*k, 2*w - 4*k - s = 0. Is w composite?
True
Suppose -3*p - 32 = -5*z, -3*z - 22 = -6*z - p. Suppose 2*h - z = n, 3*h - 4*n = -3*n + 10. Is 1228/2*(h + 12/(-6)) a composite number?
True
Let d = -28 + 28. Suppose -5*m - 2*u + 46 = 0, -25 = -2*m - d*u - 3*u. Is 1 + -4 - (2 - m) a prime number?
True
Suppose 37 + 29 = w. Let s = w - -61. Is s a prime number?
True
Suppose 3*v + 32 = -v. Let o(j) = -j**3 - 6*j**2 + 19*j + 94. Let h be o(-6). Is v/20 + (-12668)/h prime?
False
Let j(m) = 28*m**3 - 8*m**2 + 11*m - 3. Suppose -10*x - 48 = -18*x. Let z(u) = u**2 - u + 1. Let p(h) = x*z(h) + j(h). Is p(4) prime?
True
Let l = -26 + 17. Let y(t) = 25*t + 16. Let q(i) = i + 1. Let z(m) = 3*q(m) - y(m). Is z(l) composite?
True
Let g = 2395 + -570. Suppose -o - 2*j + g = -0*o, -4*o + 7289 = -3*j. Is o a prime number?
True
Let o = 676824 - 166141. Is o a prime number?
True
Let k(f) = 5*f - 80. Let d be k(16). Suppose -39*l + 47*l - 10888 = d. Is l a composite number?
False
Let w be 2/((-24)/(-519)) - 2/8. Let u = w - 43. Suppose u = 62*t - 64*t + 586. Is t composite?
False
Let r be (-4 + 2 + 2)/((-3)/3). Suppose -5*u + 3*y + 2 = r, 3*u + 0 = 4*y - 1. Let j(z) = 3882*z**3 - 1. Is j(u) a composite number?
False
Suppose -n - 2*h + 4869 = 0, -n + 4*h = -0*h - 4887. Let a = n + -3032. Is a composite?
True
Let o(m) = 33468*m**2 + 13*m + 9. Let x be o(-2). Suppose -3*b - 133830 = -2*t - 3*t, -5*t - 2*b = -x. Is t a prime number?
False
Suppose 20258 + 16361 = -11*x. Let h = x + 4728. Is h prime?
True
Is -4*(-11)/((-396)/(-1368135)) a prime number?
False
Suppose -4*s + 447695 - 1310730 = -9*s. Is s a prime number?
True
Suppose 63*d - 1492408 = 55*d. Is d prime?
True
Let u be 35 + -1*(2 + 3). Let b be ((-13)/(65/u))/(-2). Suppose 0 = -6*c - b*c + 2853. Is c a prime number?
True
Suppose -27*p + 1526479 = p - 3*q, 0 = -3*p + q + 163552. Is p composite?
False
Let k(f) = 1391*f - 723. Is k(12) a prime number?
False
Let z be 3 - (-1 + -3 + -5). Let p(v) = -v + 32. Let t be p(z). Suppose 15*g + 12475 = t*g. Is g composite?
True
Let z = -128 + 137. Is z/3 + (12422 - (4 + 0)) a prime number?
True
Let q(z) = -z**3 + 70*z**2 - 20*z - 548. Is q(47) prime?
False
Let i be ((-330)/(-42) + -7)/((-3)/(-14)). Suppose -5*l + 18 = -s, i*s + 4*l - 44 = 4. Is ((-61)/(-2) + 3)*(-1 + s) composite?
True
Let n(f) = 176 + 4*f**2 + 4*f - 3*f - 142. Is n(-13) composite?
True
Let y(j) = j**2 + 14*j + 9. Let b be y(-13). Let o be 13 + (b/12*-3)/(-1). Is (-3046)/(-8) + -2 + 3/o composite?
False
Let p = -666861 + 1557082. Is p composite?
False
Let w(r) = -5189*r**3 + 9*r**2 - 3*r - 93. Is w(-4) a prime number?
True
Is 16411 - (119 - 117 - 1*9) a composite number?
True
Suppose -1163696 = -4*p - 2*c, -c + 748849 - 2203462 = -5*p. Is p a prime number?
True
Suppose 0 = -11*h + 393979 + 91165. Suppose -4*v + h = 2*u, 0 = -3*v + 9*u - 5*u + 33089. Is v prime?
True
Let m be (-6)/(-2) + -440 - (1 + -1). Let k = 32 - m. Is k composite?
True
Let z be (-34)/(-187) - 42/(-11). Suppose -2*k = -z*i + 2098, 3*k + 14 = i - 518. Suppose 6*y - 1319 = i. Is y a composite number?
False
Let f(j) = -j**3 + 6*j**2 + 18*j - 7. Let w be f(8). Suppose -6 - 12 = -w*h. Is 4872/10 - (h + (-36)/20) a prime number?
True
Let g(b) = 2390*b**3 - 8*b**2 + 6*b - 5. Is g(4) a composite number?
False
Suppose 3*b - o - 14 = -23, -4*b - o = 19. Let r(q) = 47*q + 202. Is r(b) a composite number?
True
Let x(b) be the first derivative of 98*b**3/3 - b**2 - 7*b - 1. Let q(h) = -2*h**2 + 84*h + 174. Let o be q(44). Is x(o) a composite number?
False
Let n be (-100734)/(-14) + 3 + 46/(-14). Suppose -9*u = -n - 7538. Is u a composite number?
False
Let o be 166/(-8) - 8/32. Is ((-102)/o)/(28/5194) composite?
True
Suppose -4*q - 69 = -89. Suppose -3*l + q*v + 23520 = 2*v, 0 = 2*l + v - 15665. Is l a prime number?
False
Let m be (-6 - -51)*2/(-5). Let c = m + 20. Is c*(-3 - (-228)/8) a composite number?
True
Let g = -5188 + 12463. Suppose 2990 = 5*b - g. Is b prime?
True
Let r(b) = 7*b - 4*b + 6*b - 6*b + 27. Let n be r(-9). Suppose -2*i - 3*t + 5933 = 0, i = -n*i + 3*t + 2962. Is i composite?
True
Let b(a) = -a**2 + 5*a + 2. Let p be 12/(-4) - (-3 + 0 + -4). Let h be b(p). Is ((-46)/h)/(4/((-348)/1)) prime?
False
Suppose -1926 = -18*n + 15*n. Let t = n - 82. Suppose 7*y - t = 329. Is y prime?
True
Is 10006758/378 - 6/(-63) a prime number?
False
Let c be 42/(13/(24648/16)). Let h = c + 8150. Is h prime?
True
Suppose -3*j = -2*h - 1860, -3*h - 2*j - 2820 = j. Let c = h + 9643. Is c prime?
True
Let v = 473 - 472. Is v + -3 + 6 + 3715 - 6 prime?
False
Suppose 0 = 3*c - v - 3, 2*c - 4*v - v = -11. Suppose -c*g - 841 = 391. Let x = g + 1485. Is x a composite number?
True
Suppose -2*z + 633627 = 5*r, 2*r + 226*z - 221*z - 253434 = 0. Is r prime?
False
Suppose -100165 = -3*i + 2*f + 3*f, 4*i - 133495 = -5*f. Suppose -4*m = -24*m + i. Is m a composite number?
False
Let w(o) be the first derivative of 117*o**2 - 7*o + 19. Let q(s) = 235*s - 6. Let p(l) = -2*q(l) + 3*w(l). Is p(4) a prime number?
True
Is 13/(((-52)/13252)/(-13)) composite?
True
Let a(k) be the third derivative of 65*k**4/12 - k**3/2 + 10*k**2. Let l be a(16). Suppose -41 = 4*f - l. Is f